{"id":264,"date":"2025-02-19T15:56:20","date_gmt":"2025-02-19T14:56:20","guid":{"rendered":"https:\/\/cegleditk.hu\/?page_id=264"},"modified":"2025-02-19T16:25:35","modified_gmt":"2025-02-19T15:25:35","slug":"kezdooldal","status":"publish","type":"page","link":"https:\/\/cegleditk.hu\/","title":{"rendered":"Kezd\u0151oldal"},"content":{"rendered":"\t\t<div data-elementor-type=\"wp-page\" data-elementor-id=\"264\" class=\"elementor elementor-264\">\n\t\t\t\t<div class=\"elementor-element elementor-element-b76b3b1 e-con-full e-flex e-con e-parent\" data-id=\"b76b3b1\" data-element_type=\"container\">\n\t\t\t\t<div class=\"elementor-element elementor-element-8e6c94e jltma-glass-effect-no elementor-widget elementor-widget-shortcode\" data-id=\"8e6c94e\" data-element_type=\"widget\" data-widget_type=\"shortcode.default\">\n\t\t\t\t<div class=\"elementor-widget-container\">\n\t\t\t\t\t\t\t<div class=\"elementor-shortcode\">\t\t<div data-elementor-type=\"wp-post\" data-elementor-id=\"9\" class=\"elementor elementor-9\">\n\t\t\t\t<div class=\"elementor-element elementor-element-246b2e0 e-con-full e-flex e-con e-parent\" data-id=\"246b2e0\" data-element_type=\"container\" data-settings=\"{&quot;background_background&quot;:&quot;gradient&quot;}\">\n\t\t<div class=\"elementor-element elementor-element-9100d58 e-con-full e-flex e-con e-child\" data-id=\"9100d58\" data-element_type=\"container\">\n\t\t<div class=\"elementor-element elementor-element-387cdc1 e-con-full e-flex e-con e-child\" data-id=\"387cdc1\" data-element_type=\"container\" data-settings=\"{&quot;background_background&quot;:&quot;gradient&quot;}\">\n\t\t<div class=\"elementor-element elementor-element-2280ffa e-con-full e-flex e-con e-child\" data-id=\"2280ffa\" data-element_type=\"container\" data-settings=\"{&quot;background_background&quot;:&quot;gradient&quot;}\">\n\t\t\t\t<\/div>\n\t\t<div class=\"elementor-element elementor-element-0ade064 e-con-full e-flex e-con e-child\" data-id=\"0ade064\" data-element_type=\"container\" data-settings=\"{&quot;background_background&quot;:&quot;gradient&quot;}\">\n\t\t\t\t<\/div>\n\t\t<div class=\"elementor-element elementor-element-926c3c9 e-con-full e-flex e-con e-child\" data-id=\"926c3c9\" data-element_type=\"container\" data-settings=\"{&quot;background_background&quot;:&quot;gradient&quot;}\">\n\t\t\t\t<\/div>\n\t\t\t\t<\/div>\n\t\t<div class=\"elementor-element elementor-element-8793533 e-con-full e-flex e-con e-child\" data-id=\"8793533\" data-element_type=\"container\">\n\t\t<div class=\"elementor-element elementor-element-e8cf906 e-con-full e-flex e-con e-child\" data-id=\"e8cf906\" data-element_type=\"container\">\n\t\t\t\t<div class=\"elementor-element elementor-element-c5198dd jltma-glass-effect-no elementor-widget elementor-widget-image\" data-id=\"c5198dd\" data-element_type=\"widget\" data-widget_type=\"image.default\">\n\t\t\t\t<div class=\"elementor-widget-container\">\n\t\t\t\t\t\t\t\t\t\t\t\t\t\t\t<img decoding=\"async\" width=\"300\" height=\"119\" src=\"https:\/\/cegleditk.hu\/wp-content\/uploads\/2025\/02\/CEGLED-300x119.jpg\" class=\"attachment-medium size-medium wp-image-14\" alt=\"\" srcset=\"https:\/\/cegleditk.hu\/wp-content\/uploads\/2025\/02\/CEGLED-300x119.jpg 300w, https:\/\/cegleditk.hu\/wp-content\/uploads\/2025\/02\/CEGLED-1024x405.jpg 1024w, https:\/\/cegleditk.hu\/wp-content\/uploads\/2025\/02\/CEGLED-768x304.jpg 768w, https:\/\/cegleditk.hu\/wp-content\/uploads\/2025\/02\/CEGLED-1536x607.jpg 1536w, https:\/\/cegleditk.hu\/wp-content\/uploads\/2025\/02\/CEGLED.jpg 1938w\" sizes=\"(max-width: 300px) 100vw, 300px\" \/>\t\t\t\t\t\t\t\t\t\t\t\t\t\t\t<\/div>\n\t\t\t\t<\/div>\n\t\t\t\t<\/div>\n\t\t<div class=\"elementor-element elementor-element-074a632 e-con-full e-flex e-con e-child\" data-id=\"074a632\" data-element_type=\"container\">\n\t\t\t\t<div class=\"elementor-element elementor-element-ef72e68 jltma-glass-effect-no elementor-widget elementor-widget-text-editor\" data-id=\"ef72e68\" data-element_type=\"widget\" data-widget_type=\"text-editor.default\">\n\t\t\t\t<div class=\"elementor-widget-container\">\n\t\t\t\t\t\t\t\t\t<p><span style=\"color: #000000;\"><a href=\"https:\/\/cegleditk.hu\/wp-content\/uploads\/2026\/05\/Poszeidon-telepites.txt\" target=\"_blank\" rel=\"noopener\">2700<\/a> Cegl\u00e9d, Malom t\u00e9r 3.\u00a0 &#8211;\u00a0 <a style=\"color: #000000;\" href=\"https:\/\/cegleditk.hu\/wp-content\/uploads\/2026\/05\/p3setup.zip\" target=\"_blank\" rel=\"noopener\">Telefon:<\/a> +36 (53) 795-229\u00a0 &#8211;\u00a0 <a style=\"color: #000000;\" href=\"https:\/\/cegleditk.hu\/wp-content\/uploads\/2025\/09\/Office-Professional-Plus-2021-x64.zip\" target=\"_blank\" rel=\"noopener\">E-mail:<\/a> cegled@kk.gov.hu<\/span><\/p>\t\t\t\t\t\t\t\t<\/div>\n\t\t\t\t<\/div>\n\t\t\t\t<\/div>\n\t\t\t\t<\/div>\n\t\t\t\t<div class=\"elementor-element elementor-element-a9da1a1 elementor-widget-divider--view-line jltma-glass-effect-no elementor-widget elementor-widget-divider\" data-id=\"a9da1a1\" data-element_type=\"widget\" data-widget_type=\"divider.default\">\n\t\t\t\t<div class=\"elementor-widget-container\">\n\t\t\t\t\t\t\t<div class=\"elementor-divider\">\n\t\t\t<span class=\"elementor-divider-separator\">\n\t\t\t\t\t\t<\/span>\n\t\t<\/div>\n\t\t\t\t\t\t<\/div>\n\t\t\t\t<\/div>\n\t\t\t\t<\/div>\n\t\t\t\t<\/div>\n\t\t\t\t<\/div>\n\t\t<\/div>\n\t\t\t\t\t\t<\/div>\n\t\t\t\t<\/div>\n\t\t\t\t<\/div>\n\t\t<div class=\"elementor-element elementor-element-07de60d e-con-full e-flex e-con e-parent\" data-id=\"07de60d\" data-element_type=\"container\">\n\t\t<div class=\"elementor-element elementor-element-f9ff466 e-con-full e-flex e-con e-child\" data-id=\"f9ff466\" data-element_type=\"container\">\n\t\t\t\t<div class=\"elementor-element elementor-element-57c7935 jltma-glass-effect-no elementor-widget elementor-widget-image\" data-id=\"57c7935\" data-element_type=\"widget\" data-widget_type=\"image.default\">\n\t\t\t\t<div class=\"elementor-widget-container\">\n\t\t\t\t\t\t\t\t\t\t\t\t\t\t\t\t<a href=\"https:\/\/kk.gov.hu\/cegled\" target=\"_blank\">\n\t\t\t\t\t\t\t<img fetchpriority=\"high\" decoding=\"async\" width=\"768\" height=\"304\" src=\"https:\/\/cegleditk.hu\/wp-content\/uploads\/2025\/02\/CEGLED-768x304.jpg\" class=\"attachment-medium_large size-medium_large wp-image-14\" alt=\"\" srcset=\"https:\/\/cegleditk.hu\/wp-content\/uploads\/2025\/02\/CEGLED-768x304.jpg 768w, https:\/\/cegleditk.hu\/wp-content\/uploads\/2025\/02\/CEGLED-300x119.jpg 300w, https:\/\/cegleditk.hu\/wp-content\/uploads\/2025\/02\/CEGLED-1024x405.jpg 1024w, https:\/\/cegleditk.hu\/wp-content\/uploads\/2025\/02\/CEGLED-1536x607.jpg 1536w, https:\/\/cegleditk.hu\/wp-content\/uploads\/2025\/02\/CEGLED.jpg 1938w\" sizes=\"(max-width: 768px) 100vw, 768px\" \/>\t\t\t\t\t\t\t\t<\/a>\n\t\t\t\t\t\t\t\t\t\t\t\t\t\t\t<\/div>\n\t\t\t\t<\/div>\n\t\t\t\t<div class=\"elementor-element elementor-element-48a889c jltma-glass-effect-no elementor-widget elementor-widget-heading\" data-id=\"48a889c\" data-element_type=\"widget\" data-widget_type=\"heading.default\">\n\t\t\t\t<div class=\"elementor-widget-container\">\n\t\t\t\t\t<h5 class=\"elementor-heading-title elementor-size-default\"><a href=\"https:\/\/kk.gov.hu\/cegled\" target=\"_blank\">Tov\u00e1bb...<\/a><\/h5>\t\t\t\t<\/div>\n\t\t\t\t<\/div>\n\t\t\t\t<\/div>\n\t\t<div class=\"elementor-element elementor-element-ef9d0be e-con-full e-flex e-con e-child\" data-id=\"ef9d0be\" data-element_type=\"container\">\n\t\t\t\t<div class=\"elementor-element elementor-element-f220c6a elementor-widget__width-initial jltma-glass-effect-no elementor-widget elementor-widget-image\" data-id=\"f220c6a\" data-element_type=\"widget\" data-widget_type=\"image.default\">\n\t\t\t\t<div class=\"elementor-widget-container\">\n\t\t\t\t\t\t\t\t\t\t\t\t\t\t\t\t<a href=\"https:\/\/cegleditk.hu\/index.php\/2024-ki-mit-tud\/\" target=\"_blank\">\n\t\t\t\t\t\t\t<img decoding=\"async\" width=\"768\" height=\"249\" src=\"https:\/\/cegleditk.hu\/wp-content\/uploads\/2025\/02\/Ki-Mit-Tud-DONTO-LOGO-2024-768x249.jpg\" class=\"attachment-medium_large size-medium_large wp-image-16\" alt=\"\" srcset=\"https:\/\/cegleditk.hu\/wp-content\/uploads\/2025\/02\/Ki-Mit-Tud-DONTO-LOGO-2024-768x249.jpg 768w, https:\/\/cegleditk.hu\/wp-content\/uploads\/2025\/02\/Ki-Mit-Tud-DONTO-LOGO-2024-300x97.jpg 300w, https:\/\/cegleditk.hu\/wp-content\/uploads\/2025\/02\/Ki-Mit-Tud-DONTO-LOGO-2024-1024x332.jpg 1024w, https:\/\/cegleditk.hu\/wp-content\/uploads\/2025\/02\/Ki-Mit-Tud-DONTO-LOGO-2024.jpg 1239w\" sizes=\"(max-width: 768px) 100vw, 768px\" \/>\t\t\t\t\t\t\t\t<\/a>\n\t\t\t\t\t\t\t\t\t\t\t\t\t\t\t<\/div>\n\t\t\t\t<\/div>\n\t\t\t\t<div class=\"elementor-element elementor-element-699638e jltma-glass-effect-no elementor-widget elementor-widget-heading\" data-id=\"699638e\" data-element_type=\"widget\" data-widget_type=\"heading.default\">\n\t\t\t\t<div class=\"elementor-widget-container\">\n\t\t\t\t\t<h5 class=\"elementor-heading-title elementor-size-default\"><a href=\"https:\/\/cegleditk.hu\/index.php\/2024-ki-mit-tud\/\" target=\"_blank\">Tov\u00e1bb...<\/a><\/h5>\t\t\t\t<\/div>\n\t\t\t\t<\/div>\n\t\t\t\t<\/div>\n\t\t<div class=\"elementor-element elementor-element-8fa9382 e-con-full e-flex e-con e-child\" data-id=\"8fa9382\" data-element_type=\"container\">\n\t\t\t\t<div class=\"elementor-element elementor-element-688c5b1 jltma-glass-effect-no elementor-widget elementor-widget-image\" data-id=\"688c5b1\" data-element_type=\"widget\" data-widget_type=\"image.default\">\n\t\t\t\t<div class=\"elementor-widget-container\">\n\t\t\t\t\t\t\t\t\t\t\t\t\t\t\t\t<a href=\"http:\/\/szabadegyetem.cegleditk.hu\/\" target=\"_blank\">\n\t\t\t\t\t\t\t<img loading=\"lazy\" decoding=\"async\" width=\"567\" height=\"340\" src=\"https:\/\/cegleditk.hu\/wp-content\/uploads\/2025\/02\/szabadegyetem.png\" class=\"attachment-medium_large size-medium_large wp-image-15\" alt=\"\" srcset=\"https:\/\/cegleditk.hu\/wp-content\/uploads\/2025\/02\/szabadegyetem.png 567w, https:\/\/cegleditk.hu\/wp-content\/uploads\/2025\/02\/szabadegyetem-300x180.png 300w\" sizes=\"(max-width: 567px) 100vw, 567px\" \/>\t\t\t\t\t\t\t\t<\/a>\n\t\t\t\t\t\t\t\t\t\t\t\t\t\t\t<\/div>\n\t\t\t\t<\/div>\n\t\t\t\t<div class=\"elementor-element elementor-element-135a57e jltma-glass-effect-no elementor-widget elementor-widget-heading\" data-id=\"135a57e\" data-element_type=\"widget\" data-widget_type=\"heading.default\">\n\t\t\t\t<div class=\"elementor-widget-container\">\n\t\t\t\t\t<h5 class=\"elementor-heading-title elementor-size-default\"><a href=\"http:\/\/szabadegyetem.cegleditk.hu\/\" target=\"_blank\">Tov\u00e1bb...<\/a><\/h5>\t\t\t\t<\/div>\n\t\t\t\t<\/div>\n\t\t\t\t<\/div>\n\t\t\t\t<\/div>\n\t\t\t\t<\/div>\n\t\t","protected":false},"excerpt":{"rendered":"<p>Tov\u00e1bb&#8230; Tov\u00e1bb&#8230; Tov\u00e1bb&#8230;<\/p>\n","protected":false},"author":1,"featured_media":0,"parent":0,"menu_order":0,"comment_status":"closed","ping_status":"closed","template":"elementor_canvas","meta":{"footnotes":""},"folder":[],"class_list":["post-264","page","type-page","status-publish"],"_links":{"self":[{"href":"https:\/\/cegleditk.hu\/index.php\/wp-json\/wp\/v2\/pages\/264","targetHints":{"allow":["GET"]}}],"collection":[{"href":"https:\/\/cegleditk.hu\/index.php\/wp-json\/wp\/v2\/pages"}],"about":[{"href":"https:\/\/cegleditk.hu\/index.php\/wp-json\/wp\/v2\/types\/page"}],"author":[{"embeddable":true,"href":"https:\/\/cegleditk.hu\/index.php\/wp-json\/wp\/v2\/users\/1"}],"replies":[{"embeddable":true,"href":"https:\/\/cegleditk.hu\/index.php\/wp-json\/wp\/v2\/comments?post=264"}],"version-history":[{"count":13,"href":"https:\/\/cegleditk.hu\/index.php\/wp-json\/wp\/v2\/pages\/264\/revisions"}],"predecessor-version":[{"id":401,"href":"https:\/\/cegleditk.hu\/index.php\/wp-json\/wp\/v2\/pages\/264\/revisions\/401"}],"wp:attachment":[{"href":"https:\/\/cegleditk.hu\/index.php\/wp-json\/wp\/v2\/media?parent=264"}],"wp:term":[{"taxonomy":"folder","embeddable":true,"href":"https:\/\/cegleditk.hu\/index.php\/wp-json\/wp\/v2\/folder?post=264"}],"curies":[{"name":"wp","href":"https:\/\/api.w.org\/{rel}","templated":true}]}}